{"id":22,"date":"2024-11-22T13:36:33","date_gmt":"2024-11-22T12:36:33","guid":{"rendered":"https:\/\/abe-consilium.de\/?page_id=22"},"modified":"2024-12-05T13:48:12","modified_gmt":"2024-12-05T12:48:12","slug":"coaching-angebote","status":"publish","type":"page","link":"https:\/\/abe-consilium.de\/index.php\/coaching-angebote\/","title":{"rendered":"Coaching Angebote"},"content":{"rendered":"<p>[et_pb_section fb_built=&#8221;1&#8243; disabled_on=&#8221;off|off|off&#8221; admin_label=&#8221;Call to Action&#8221; _builder_version=&#8221;4.16&#8243; _module_preset=&#8221;default&#8221; custom_padding=&#8221;||0px|||&#8221; global_colors_info=&#8221;{}&#8221;][et_pb_row _builder_version=&#8221;4.16&#8243; _module_preset=&#8221;default&#8221; custom_padding=&#8221;||3px|||&#8221; global_colors_info=&#8221;{}&#8221;][et_pb_column type=&#8221;4_4&#8243; _builder_version=&#8221;4.16&#8243; _module_preset=&#8221;default&#8221; custom_padding=&#8221;|||&#8221; global_colors_info=&#8221;{}&#8221; custom_padding__hover=&#8221;|||&#8221;][et_pb_cta title=&#8221;Coaching Angebote&#8221; button_url=&#8221;mailto:info@vivacus.consulting&#8221; _builder_version=&#8221;4.27.3&#8243; _module_preset=&#8221;default&#8221; header_font=&#8221;|700|||||||&#8221; header_font_size=&#8221;40px&#8221; header_line_height=&#8221;1.5em&#8221; body_font=&#8221;||||||||&#8221; use_background_color=&#8221;off&#8221; custom_button=&#8221;on&#8221; button_text_size=&#8221;16px&#8221; button_text_color=&#8221;#ffffff&#8221; button_bg_color=&#8221;#16a248&#8243; button_border_width=&#8221;10px&#8221; button_border_color=&#8221;rgba(210,159,104,0)&#8221; button_border_radius=&#8221;100px&#8221; button_font=&#8221;Lato|900|||||||&#8221; button_use_icon=&#8221;off&#8221; background_layout=&#8221;light&#8221; max_width=&#8221;1080px&#8221; max_width_last_edited=&#8221;off|desktop&#8221; custom_margin=&#8221;|||&#8221; custom_padding=&#8221;|||&#8221; link_option_url_new_window=&#8221;on&#8221; hover_enabled=&#8221;0&#8243; header_font_size_tablet=&#8221;30px&#8221; header_font_size_phone=&#8221;24px&#8221; header_font_size_last_edited=&#8221;on|tablet&#8221; button_bg_color_hover=&#8221;#4159a0&#8243; global_colors_info=&#8221;{}&#8221; button_text_size__hover_enabled=&#8221;off&#8221; button_one_text_size__hover_enabled=&#8221;off&#8221; button_two_text_size__hover_enabled=&#8221;off&#8221; button_text_color__hover_enabled=&#8221;off&#8221; button_one_text_color__hover_enabled=&#8221;off&#8221; button_two_text_color__hover_enabled=&#8221;off&#8221; button_border_width__hover_enabled=&#8221;off&#8221; button_one_border_width__hover_enabled=&#8221;off&#8221; button_two_border_width__hover_enabled=&#8221;off&#8221; button_border_color__hover_enabled=&#8221;off&#8221; button_one_border_color__hover_enabled=&#8221;off&#8221; button_two_border_color__hover_enabled=&#8221;off&#8221; button_border_radius__hover_enabled=&#8221;off&#8221; button_one_border_radius__hover_enabled=&#8221;off&#8221; button_two_border_radius__hover_enabled=&#8221;off&#8221; button_letter_spacing__hover_enabled=&#8221;off&#8221; button_one_letter_spacing__hover_enabled=&#8221;off&#8221; button_two_letter_spacing__hover_enabled=&#8221;off&#8221; button_bg_color__hover_enabled=&#8221;on&#8221; button_bg_color__hover=&#8221;#4159a0&#8243; button_one_bg_color__hover_enabled=&#8221;off&#8221; button_two_bg_color__hover_enabled=&#8221;off&#8221; transform_styles__hover_enabled=&#8221;on|hover&#8221; transform_scale__hover_enabled=&#8221;on|hover&#8221; transform_translate__hover_enabled=&#8221;on|desktop&#8221; transform_rotate__hover_enabled=&#8221;on|desktop&#8221; transform_skew__hover_enabled=&#8221;on|desktop&#8221; transform_origin__hover_enabled=&#8221;on|desktop&#8221; background_layout__hover_enabled=&#8221;on|hover&#8221; background_layout__hover=&#8221;light&#8221; header_text_color=&#8221;#a8a9ad&#8221; sticky_enabled=&#8221;0&#8243;][\/et_pb_cta][\/et_pb_column][\/et_pb_row][\/et_pb_section][et_pb_section fb_built=&#8221;1&#8243; admin_label=&#8221;Services&#8221; _builder_version=&#8221;4.16&#8243; _module_preset=&#8221;default&#8221; background_color=&#8221;#FFFFFF&#8221; custom_padding=&#8221;29px||29px|||&#8221; global_colors_info=&#8221;{}&#8221;][et_pb_row _builder_version=&#8221;4.16&#8243; _module_preset=&#8221;default&#8221; width=&#8221;79.6%&#8221; global_colors_info=&#8221;{}&#8221;][et_pb_column type=&#8221;4_4&#8243; _builder_version=&#8221;4.16&#8243; _module_preset=&#8221;default&#8221; global_colors_info=&#8221;{}&#8221;][et_pb_text _builder_version=&#8221;4.27.3&#8243; _module_preset=&#8221;default&#8221; text_text_color=&#8221;#a8a9ad&#8221; text_font_size=&#8221;23px&#8221; text_line_height=&#8221;1.8em&#8221; header_4_text_color=&#8221;#a8a9ad&#8221; header_4_font_size=&#8221;33px&#8221; transform_scale_tablet=&#8221;&#8221; transform_scale_phone=&#8221;90%|90%&#8221; transform_scale_last_edited=&#8221;on|phone&#8221; transform_translate_tablet=&#8221;&#8221; transform_translate_phone=&#8221;&#8221; transform_translate_last_edited=&#8221;on|phone&#8221; transform_rotate_tablet=&#8221;&#8221; transform_rotate_phone=&#8221;&#8221; transform_rotate_last_edited=&#8221;on|phone&#8221; transform_skew_tablet=&#8221;&#8221; transform_skew_phone=&#8221;&#8221; transform_skew_last_edited=&#8221;on|phone&#8221; transform_origin_tablet=&#8221;&#8221; transform_origin_phone=&#8221;&#8221; transform_origin_last_edited=&#8221;on|phone&#8221; transform_styles_last_edited=&#8221;on|phone&#8221; custom_margin=&#8221;||-3px|||&#8221; hover_enabled=&#8221;0&#8243; transform_styles_tablet=&#8221;&#8221; transform_styles_phone=&#8221;&#8221; global_colors_info=&#8221;{}&#8221; sticky_enabled=&#8221;0&#8243;]<\/p>\n<div class=\"vc_row wpb_row vc_row-fluid\">\n<div class=\"wpb_column vc_column_container vc_col-sm-12\">\n<div class=\"vc_column-inner \">\n<div class=\"wpb_wrapper\">\n<div class=\"wpb_text_column has-custom-color wpb_content_element \">\n<div class=\"wpb_wrapper\">\n<h3 style=\"text-align: left;\"><img loading=\"lazy\" decoding=\"async\" src=\"https:\/\/abe-consilium.de\/wp-content\/uploads\/2024\/11\/IMG-20210928-WA0008-1-1024x599-1.jpg\" width=\"400\" height=\"234\" alt=\"\" class=\"wp-image-237 alignnone size-large\" style=\"display: block; margin-left: auto; margin-right: auto;\" \/><\/h3>\n<h4>Gr\u00fcndercoaching<\/h4>\n<p>Sie haben eine Gesch\u00e4ftsidee und\/oder m\u00f6chten sich zu betriebswirtschaftlichen Themen beraten lassen? Unsere Coaches stehen Ihnen gern zur Verf\u00fcgung.<\/p>\n<div class=\"et_pb_blurb_description\">\n<p>Kostenlose Erstberatung!<\/p>\n<p>AKTUELL: Bis zu 120 Stunden kostenlose Gr\u00fcndungsberatung \u00fcber den Aktivierungs- und Vermittlungsgutschein der Agentur f\u00fcr Arbeit.<\/p>\n<\/div>\n<\/div>\n<\/div>\n<\/div>\n<\/div>\n<\/div>\n<\/div>\n<p>[\/et_pb_text][et_pb_text _builder_version=&#8221;4.27.3&#8243; _module_preset=&#8221;default&#8221; text_text_color=&#8221;#a8a9ad&#8221; text_font_size=&#8221;23px&#8221; text_line_height=&#8221;1.8em&#8221; header_4_text_color=&#8221;#a8a9ad&#8221; header_4_font_size=&#8221;33px&#8221; transform_scale_tablet=&#8221;&#8221; transform_scale_phone=&#8221;90%|90%&#8221; transform_scale_last_edited=&#8221;on|phone&#8221; transform_translate_tablet=&#8221;&#8221; transform_translate_phone=&#8221;&#8221; transform_translate_last_edited=&#8221;on|phone&#8221; transform_rotate_tablet=&#8221;&#8221; transform_rotate_phone=&#8221;&#8221; transform_rotate_last_edited=&#8221;on|phone&#8221; transform_skew_tablet=&#8221;&#8221; transform_skew_phone=&#8221;&#8221; transform_skew_last_edited=&#8221;on|phone&#8221; transform_origin_tablet=&#8221;&#8221; transform_origin_phone=&#8221;&#8221; transform_origin_last_edited=&#8221;on|phone&#8221; transform_styles_last_edited=&#8221;on|phone&#8221; custom_margin=&#8221;||-3px|||&#8221; custom_padding=&#8221;||29px|||&#8221; hover_enabled=&#8221;0&#8243; transform_styles_tablet=&#8221;&#8221; transform_styles_phone=&#8221;&#8221; global_colors_info=&#8221;{}&#8221; sticky_enabled=&#8221;0&#8243;]<\/p>\n<div class=\"vc_row wpb_row vc_row-fluid\">\n<div class=\"wpb_column vc_column_container vc_col-sm-12\">\n<div class=\"vc_column-inner \">\n<div class=\"wpb_wrapper\">\n<div class=\"wpb_text_column has-custom-color wpb_content_element \">\n<div class=\"wpb_wrapper\">\n<h3 style=\"text-align: left;\"><img loading=\"lazy\" decoding=\"async\" src=\"https:\/\/abe-consilium.de\/wp-content\/uploads\/2024\/11\/IMG-20210928-WA0017-1024x599-1.jpg\" width=\"400\" height=\"234\" alt=\"\" class=\"wp-image-233 alignnone size-large\" style=\"display: block; margin-left: auto; margin-right: auto;\" \/><\/h3>\n<h4>Unternehmensberatung<\/h4>\n<p>&nbsp;<\/p>\n<p>Um kleine und mittlere Unternehmen zu f\u00f6rdern hat der Bund das Programm &#8220;F\u00f6rderung unternehmerischen Know-hows&#8221; ins Leben gerufen. Die Unternehmen k\u00f6nnen sich dar\u00fcber von qualifizierten Beratern zu allen Themen moderner Unternehmensf\u00fchrung beraten lassen. In den Neuen Bundesl\u00e4ndern \u00fcbernimmt der Staat 80 % der Beratungskosten. (Ausgenommen Berlin &amp; Leipzig: 50%) Bei Unternehmen in Schwierigkeiten sogar bis zu 90 %.<\/p>\n<p>Wir sind zugelassene BAFA Berater und informieren Sie gerne zu F\u00f6rderm\u00f6glichkeiten und Beratungsthemen.<span style=\"color: #000000;\"><\/span><\/p>\n<\/div>\n<\/div>\n<\/div>\n<\/div>\n<\/div>\n<\/div>\n<p>[\/et_pb_text][et_pb_text _builder_version=&#8221;4.27.3&#8243; _module_preset=&#8221;default&#8221; text_text_color=&#8221;#a8a9ad&#8221; text_font_size=&#8221;23px&#8221; text_line_height=&#8221;1.8em&#8221; header_4_text_color=&#8221;#a8a9ad&#8221; header_4_font_size=&#8221;33px&#8221; transform_scale_tablet=&#8221;&#8221; transform_scale_phone=&#8221;90%|90%&#8221; transform_scale_last_edited=&#8221;on|phone&#8221; transform_translate_tablet=&#8221;&#8221; transform_translate_phone=&#8221;&#8221; transform_translate_last_edited=&#8221;on|phone&#8221; transform_rotate_tablet=&#8221;&#8221; transform_rotate_phone=&#8221;&#8221; transform_rotate_last_edited=&#8221;on|phone&#8221; transform_skew_tablet=&#8221;&#8221; transform_skew_phone=&#8221;&#8221; transform_skew_last_edited=&#8221;on|phone&#8221; transform_origin_tablet=&#8221;&#8221; transform_origin_phone=&#8221;&#8221; transform_origin_last_edited=&#8221;on|phone&#8221; transform_styles_last_edited=&#8221;on|phone&#8221; custom_padding=&#8221;50px|||||&#8221; hover_enabled=&#8221;0&#8243; transform_styles_tablet=&#8221;&#8221; transform_styles_phone=&#8221;&#8221; global_colors_info=&#8221;{}&#8221; sticky_enabled=&#8221;0&#8243;]<\/p>\n<div class=\"vc_row wpb_row vc_row-fluid\">\n<div class=\"wpb_column vc_column_container vc_col-sm-12\">\n<div class=\"vc_column-inner \">\n<div class=\"wpb_wrapper\">\n<div class=\"wpb_text_column has-custom-color wpb_content_element \">\n<div class=\"wpb_wrapper\">\n<p><img loading=\"lazy\" decoding=\"async\" src=\"https:\/\/abe-consilium.de\/wp-content\/uploads\/2024\/11\/IMG-20210928-WA0016-1-1024x609-1.jpg\" width=\"400\" height=\"238\" alt=\"\" class=\"wp-image-326 alignnone size-large\" style=\"display: block; margin-left: auto; margin-right: auto;\" \/><\/p>\n<div class=\"et_pb_blurb_description\">\n<h4>Leistungen der Pflegekassen \/ Abrechnung<\/h4>\n<p>&nbsp;<\/p>\n<div class=\"et_pb_blurb_description\">\n<p>Wir zeigen Ihnen, wie Sie als Anbieter von Betreuungs- und\/oder Entlastungsleistungen optimal bei den Pflegekassen abrechnen.<\/p>\n<p>Sie erhalten alle notwendigen Informationen zu Leistungen, Formularen und einen verg\u00fcnstigten Zugang zu einer professionellen Abrechnungssoftware.<\/p>\n<\/div>\n<\/div>\n<\/div>\n<\/div>\n<\/div>\n<\/div>\n<\/div>\n<\/div>\n<p>[\/et_pb_text][et_pb_text content_tablet=&#8221;<\/p>\n<div class=%22vc_row wpb_row vc_row-fluid%22>\n<div class=%22wpb_column vc_column_container vc_col-sm-12%22>\n<div class=%22vc_column-inner %22>\n<div class=%22wpb_wrapper%22>\n<div class=%22wpb_text_column has-custom-color wpb_content_element %22>\n<div class=%22wpb_wrapper%22>\n<h3 style=%22text-align: left;%22><img src=%22https:\/\/vivacus.consulting\/wp-content\/uploads\/2021\/11\/IMG-20210928-WA0007-1024x599.jpg%22 width=%22400%22 height=%22234%22 alt=%22%22 class=%22wp-image-236 alignnone size-large%22 style=%22display: block; margin-left: auto; margin-right: auto;%22 \/><\/h3>\n<div class=%22et_pb_blurb_description%22>\n<h4 class=%22et_pb_module_header%22><span style=%22color: #008000;%22>Qualifizierung Eldercareberater<\/span><\/h4>\n<p><span><\/span><\/p>\n<p><span><\/span><\/p>\n<div class=%22et_pb_blurb_description%22>\n<p><span style=%22color: #000000;%22>Eldercare \u2013 der private und\/oder betriebliche Pflegelotse unterst\u00fctzt pflegende Angeh\u00f6rige bei der Planung und Organisation der h\u00e4uslichen Pflege.<\/span><\/p>\n<p><span style=%22color: #000000;%22>(F\u00fcr FDL mit IDD-konformer Weiterbildungsbest\u00e4tigung)<\/span><\/p>\n<\/div>\n<\/div>\n<\/div>\n<\/div>\n<\/div>\n<\/div>\n<\/div>\n<\/div>\n<p>&#8221; content_phone=&#8221;<\/p>\n<div class=%22vc_row wpb_row vc_row-fluid%22>\n<div class=%22wpb_column vc_column_container vc_col-sm-12%22>\n<div class=%22vc_column-inner %22>\n<div class=%22wpb_wrapper%22>\n<div class=%22wpb_text_column has-custom-color wpb_content_element %22>\n<div class=%22wpb_wrapper%22>\n<h3 style=%22text-align: left;%22><img src=%22https:\/\/vivacus.consulting\/wp-content\/uploads\/2021\/11\/IMG-20210928-WA0007-1024x599.jpg%22 width=%22400%22 height=%22234%22 alt=%22%22 class=%22wp-image-236 alignnone size-large%22 style=%22display: block; margin-left: auto; margin-right: auto;%22 \/><\/h3>\n<div class=%22et_pb_blurb_description%22>\n<h4 class=%22et_pb_module_header%22><span style=%22color: #008000;%22>Qualifizierung Eldercareberater<\/span><\/h4>\n<p><span><\/span><\/p>\n<p><span><\/span><\/p>\n<div class=%22et_pb_blurb_description%22>\n<p><span style=%22color: #000000;%22>Eldercare \u2013 der private und\/oder betriebliche Pflegelotse unterst\u00fctzt pflegende Angeh\u00f6rige bei der Planung und Organisation der h\u00e4uslichen Pflege.<\/span><\/p>\n<p><span style=%22color: #000000;%22>(F\u00fcr FDL mit IDD-konformer Weiterbildungsbest\u00e4tigung)<\/span><\/p>\n<\/div>\n<\/div>\n<\/div>\n<\/div>\n<\/div>\n<\/div>\n<\/div>\n<\/div>\n<p>&#8221; content_last_edited=&#8221;on|phone&#8221; _builder_version=&#8221;4.27.3&#8243; _module_preset=&#8221;default&#8221; text_text_color=&#8221;#a8a9ad&#8221; text_font_size=&#8221;23px&#8221; text_line_height=&#8221;1.8em&#8221; header_4_text_color=&#8221;#a8a9ad&#8221; header_4_font_size=&#8221;33px&#8221; transform_scale_tablet=&#8221;&#8221; transform_scale_phone=&#8221;90%|90%&#8221; transform_scale_last_edited=&#8221;on|phone&#8221; transform_translate_tablet=&#8221;&#8221; transform_translate_phone=&#8221;&#8221; transform_translate_last_edited=&#8221;on|phone&#8221; transform_rotate_tablet=&#8221;&#8221; transform_rotate_phone=&#8221;&#8221; transform_rotate_last_edited=&#8221;on|phone&#8221; transform_skew_tablet=&#8221;&#8221; transform_skew_phone=&#8221;&#8221; transform_skew_last_edited=&#8221;on|phone&#8221; transform_origin_tablet=&#8221;&#8221; transform_origin_phone=&#8221;&#8221; transform_origin_last_edited=&#8221;on|phone&#8221; transform_styles_last_edited=&#8221;on|phone&#8221; custom_margin=&#8221;||19px|||&#8221; custom_padding=&#8221;50px|||||&#8221; hover_enabled=&#8221;0&#8243; transform_styles_tablet=&#8221;&#8221; transform_styles_phone=&#8221;&#8221; global_colors_info=&#8221;{}&#8221; sticky_enabled=&#8221;0&#8243;]<\/p>\n<div class=\"vc_row wpb_row vc_row-fluid\">\n<div class=\"wpb_column vc_column_container vc_col-sm-12\">\n<div class=\"vc_column-inner \">\n<div class=\"wpb_wrapper\">\n<div class=\"wpb_text_column has-custom-color wpb_content_element \">\n<div class=\"wpb_wrapper\">\n<h3 style=\"text-align: left;\"><img loading=\"lazy\" decoding=\"async\" src=\"https:\/\/abe-consilium.de\/wp-content\/uploads\/2024\/11\/IMG-20210928-WA0007-schnitt-1024x543-1.jpg\" width=\"401\" height=\"213\" alt=\"\" class=\"wp-image-325 alignnone size-large\" style=\"display: block; margin-left: auto; margin-right: auto;\" \/><\/h3>\n<div class=\"et_pb_blurb_description\">\n<h4 class=\"et_pb_module_header\">Qualifizierung Eldercareberater<\/h4>\n<p>&nbsp;<\/p>\n<div class=\"et_pb_blurb_description\">\n<p>Eldercare \u2013 der private und\/oder betriebliche Pflegelotse unterst\u00fctzt pflegende Angeh\u00f6rige bei der Planung und Organisation der h\u00e4uslichen Pflege.<\/p>\n<p>(F\u00fcr FDL mit IDD-konformer Weiterbildungsbest\u00e4tigung)<\/p>\n<\/div>\n<\/div>\n<\/div>\n<\/div>\n<\/div>\n<\/div>\n<\/div>\n<\/div>\n<p>[\/et_pb_text][et_pb_text content_tablet=&#8221;<\/p>\n<div class=%22vc_row wpb_row vc_row-fluid%22>\n<div class=%22wpb_column vc_column_container vc_col-sm-12%22>\n<div class=%22vc_column-inner %22>\n<div class=%22wpb_wrapper%22>\n<div class=%22wpb_text_column has-custom-color wpb_content_element %22>\n<div class=%22wpb_wrapper%22>\n<h3 style=%22text-align: left;%22><img src=%22https:\/\/abe-consilium.de\/wp-content\/uploads\/2024\/11\/IMG-20210928-WA0009-1-1024x599-1.jpg%22 width=%22400%22 height=%22234%22 alt=%22%22 class=%22wp-image-238 alignnone size-large%22 style=%22display: block; margin-left: auto; margin-right: auto;%22 \/><\/h3>\n<div class=%22et_pb_blurb_description%22>\n<h4 class=%22et_pb_module_header%22><span style=%22color: #008000;%22>Franchiseberatung Seniorenbetreuung<\/span><\/h4>\n<p><span><\/span><\/p>\n<p><span><\/span><\/p>\n<div class=%22et_pb_blurb_description%22>\n<p><span style=%22color: #000000;%22>Die Betreuung Pflegebed\u00fcrftiger und die Entlastung pflegender Angeh\u00f6riger ist ein Markt mit riesigem Wachstumspotential.<\/span><\/p>\n<p><span style=%22color: #000000;%22>F\u00fcr Gr\u00fcnder aber auch nicht einfach zu erschlie\u00dfen!<\/span><\/p>\n<p><span style=%22color: #000000;%22>Wir unterst\u00fctzen Sie mit unseren Frenchisepartnern bei einem schnellen und erfolgreichen Start in diesen Zukunftsmarkt.<\/span><\/p>\n<\/div>\n<\/div>\n<\/div>\n<\/div>\n<\/div>\n<\/div>\n<\/div>\n<\/div>\n<p>&#8221; content_phone=&#8221;<\/p>\n<div class=%22vc_row wpb_row vc_row-fluid%22>\n<div class=%22wpb_column vc_column_container vc_col-sm-12%22>\n<div class=%22vc_column-inner %22>\n<div class=%22wpb_wrapper%22>\n<div class=%22wpb_text_column has-custom-color wpb_content_element %22>\n<div class=%22wpb_wrapper%22>\n<h3 style=%22text-align: left;%22><img src=%22https:\/\/abe-consilium.de\/wp-content\/uploads\/2024\/11\/IMG-20210928-WA0009-1-1024x599-1.jpg%22 width=%22400%22 height=%22234%22 alt=%22%22 class=%22wp-image-238 alignnone size-large%22 style=%22display: block; margin-left: auto; margin-right: auto;%22 \/><\/h3>\n<div class=%22et_pb_blurb_description%22>\n<h4 class=%22et_pb_module_header%22><span style=%22color: #008000;%22>Franchiseberatung Seniorenbetreuung<\/span><\/h4>\n<p><span><\/span><\/p>\n<p><span><\/span><\/p>\n<div class=%22et_pb_blurb_description%22>\n<p><span style=%22color: #000000;%22>Die Betreuung Pflegebed\u00fcrftiger und die Entlastung pflegender Angeh\u00f6riger ist ein Markt mit riesigem Wachstumspotential.<\/span><\/p>\n<p><span style=%22color: #000000;%22>F\u00fcr Gr\u00fcnder aber auch nicht einfach zu erschlie\u00dfen!<\/span><\/p>\n<p><span style=%22color: #000000;%22>Wir unterst\u00fctzen Sie mit unseren Frenchisepartnern bei einem schnellen und erfolgreichen Start in diesen Zukunftsmarkt.<\/span><\/p>\n<\/div>\n<\/div>\n<\/div>\n<\/div>\n<\/div>\n<\/div>\n<\/div>\n<\/div>\n<p>&#8221; content_last_edited=&#8221;on|phone&#8221; _builder_version=&#8221;4.27.3&#8243; _module_preset=&#8221;default&#8221; text_text_color=&#8221;#a8a9ad&#8221; text_font_size=&#8221;23px&#8221; text_line_height=&#8221;1.8em&#8221; header_4_text_color=&#8221;#a8a9ad&#8221; header_4_font_size=&#8221;33px&#8221; transform_scale_tablet=&#8221;&#8221; transform_scale_phone=&#8221;90%|90%&#8221; transform_scale_last_edited=&#8221;on|phone&#8221; transform_translate_tablet=&#8221;&#8221; transform_translate_phone=&#8221;&#8221; transform_translate_last_edited=&#8221;on|phone&#8221; transform_rotate_tablet=&#8221;&#8221; transform_rotate_phone=&#8221;&#8221; transform_rotate_last_edited=&#8221;on|phone&#8221; transform_skew_tablet=&#8221;&#8221; transform_skew_phone=&#8221;&#8221; transform_skew_last_edited=&#8221;on|phone&#8221; transform_origin_tablet=&#8221;&#8221; transform_origin_phone=&#8221;&#8221; transform_origin_last_edited=&#8221;on|phone&#8221; transform_styles_last_edited=&#8221;on|phone&#8221; custom_padding=&#8221;27px|||||&#8221; hover_enabled=&#8221;0&#8243; transform_styles_tablet=&#8221;&#8221; transform_styles_phone=&#8221;&#8221; global_colors_info=&#8221;{}&#8221; content__hover_enabled=&#8221;on|desktop&#8221; transform_styles__hover_enabled=&#8221;on|desktop&#8221; transform_scale__hover_enabled=&#8221;on|desktop&#8221; transform_translate__hover_enabled=&#8221;on|desktop&#8221; transform_rotate__hover_enabled=&#8221;on|desktop&#8221; transform_skew__hover_enabled=&#8221;on|desktop&#8221; transform_origin__hover_enabled=&#8221;on|desktop&#8221; content__hover=&#8221;<\/p>\n<div class=%22vc_row wpb_row vc_row-fluid%22>\n<div class=%22wpb_column vc_column_container vc_col-sm-12%22>\n<div class=%22vc_column-inner %22>\n<div class=%22wpb_wrapper%22>\n<div class=%22wpb_text_column has-custom-color wpb_content_element %22>\n<div class=%22wpb_wrapper%22>\n<h3 style=%22text-align: left;%22><img src=%22https:\/\/abe-consilium.de\/wp-content\/uploads\/2024\/11\/IMG-20210928-WA0009-1-1024x599-1.jpg%22 width=%22400%22 height=%22234%22 alt=%22%22 class=%22wp-image-238 alignnone size-large%22 style=%22display: block; margin-left: auto; margin-right: auto;%22 \/><\/h3>\n<div class=%22et_pb_blurb_description%22>\n<h4 class=%22et_pb_module_header%22><span style=%22color: #008000;%22>Franchiseberatung Seniorenbetreuung<\/span><\/h4>\n<p><span><\/span><\/p>\n<p><span><\/span><\/p>\n<div class=%22et_pb_blurb_description%22>\n<p><span style=%22color: #000000;%22>Die Betreuung Pflegebed\u00fcrftiger und die Entlastung pflegender Angeh\u00f6riger ist ein Markt mit riesigem Wachstumspotential.<\/span><\/p>\n<p><span style=%22color: #000000;%22>F\u00fcr Gr\u00fcnder aber auch nicht einfach zu erschlie\u00dfen!<\/span><\/p>\n<p><span style=%22color: #000000;%22>Wir unterst\u00fctzen Sie mit unseren Frenchisepartnern bei einem schnellen und erfolgreichen Start in diesen Zukunftsmarkt.<\/span><\/p>\n<\/div>\n<\/div>\n<\/div>\n<\/div>\n<\/div>\n<\/div>\n<\/div>\n<\/div>\n<p>&#8221; sticky_enabled=&#8221;0&#8243;]<\/p>\n<div class=\"vc_row wpb_row vc_row-fluid\">\n<div class=\"wpb_column vc_column_container vc_col-sm-12\">\n<div class=\"vc_column-inner \">\n<div class=\"wpb_wrapper\">\n<div class=\"wpb_text_column has-custom-color wpb_content_element \">\n<div class=\"wpb_wrapper\">\n<h3 style=\"text-align: left;\"><img loading=\"lazy\" decoding=\"async\" src=\"https:\/\/abe-consilium.de\/wp-content\/uploads\/2024\/11\/IMG-20210928-WA0009-1-1024x599-1.jpg\" width=\"402\" height=\"235\" alt=\"\" class=\"wp-image-238 alignnone size-large\" style=\"display: block; margin-left: auto; margin-right: auto;\" \/><\/h3>\n<div class=\"et_pb_blurb_description\">\n<h4 class=\"et_pb_module_header\">Franchiseberatung Seniorenbetreuung<\/h4>\n<p>&nbsp;<\/p>\n<div class=\"et_pb_blurb_description\">\n<p>Die Betreuung Pflegebed\u00fcrftiger und die Entlastung pflegender Angeh\u00f6riger ist ein Markt mit riesigem Wachstumspotential.<\/p>\n<p>F\u00fcr Gr\u00fcnder aber auch nicht einfach zu erschlie\u00dfen!<\/p>\n<p>Wir unterst\u00fctzen Sie mit unseren Franchisepartnern bei einem schnellen und erfolgreichen Start in diesen Zukunftsmarkt.<\/p>\n<\/div>\n<\/div>\n<\/div>\n<\/div>\n<\/div>\n<\/div>\n<\/div>\n<\/div>\n<p>[\/et_pb_text][\/et_pb_column][\/et_pb_row][\/et_pb_section][et_pb_section fb_built=&#8221;1&#8243; _builder_version=&#8221;4.16&#8243; _module_preset=&#8221;default&#8221; custom_padding=&#8221;30px||30px|||&#8221; global_colors_info=&#8221;{}&#8221;][\/et_pb_section]<\/p>\n","protected":false},"excerpt":{"rendered":"<p>Gr\u00fcndercoaching Sie haben eine Gesch\u00e4ftsidee und\/oder m\u00f6chten sich zu betriebswirtschaftlichen Themen beraten lassen? Unsere Coaches stehen Ihnen gern zur Verf\u00fcgung. Kostenlose Erstberatung! AKTUELL: Bis zu 120 Stunden kostenlose Gr\u00fcndungsberatung \u00fcber den Aktivierungs- und Vermittlungsgutschein der Agentur f\u00fcr Arbeit. Unternehmensberatung &nbsp; Um kleine und mittlere Unternehmen zu f\u00f6rdern hat der Bund das Programm &#8220;F\u00f6rderung unternehmerischen Know-hows&#8221; [&hellip;]<\/p>\n","protected":false},"author":1,"featured_media":0,"parent":0,"menu_order":0,"comment_status":"closed","ping_status":"closed","template":"","meta":{"_et_pb_use_builder":"on","_et_pb_old_content":"","_et_gb_content_width":"","footnotes":""},"class_list":["post-22","page","type-page","status-publish","hentry"],"_links":{"self":[{"href":"https:\/\/abe-consilium.de\/index.php\/wp-json\/wp\/v2\/pages\/22","targetHints":{"allow":["GET"]}}],"collection":[{"href":"https:\/\/abe-consilium.de\/index.php\/wp-json\/wp\/v2\/pages"}],"about":[{"href":"https:\/\/abe-consilium.de\/index.php\/wp-json\/wp\/v2\/types\/page"}],"author":[{"embeddable":true,"href":"https:\/\/abe-consilium.de\/index.php\/wp-json\/wp\/v2\/users\/1"}],"replies":[{"embeddable":true,"href":"https:\/\/abe-consilium.de\/index.php\/wp-json\/wp\/v2\/comments?post=22"}],"version-history":[{"count":5,"href":"https:\/\/abe-consilium.de\/index.php\/wp-json\/wp\/v2\/pages\/22\/revisions"}],"predecessor-version":[{"id":87,"href":"https:\/\/abe-consilium.de\/index.php\/wp-json\/wp\/v2\/pages\/22\/revisions\/87"}],"wp:attachment":[{"href":"https:\/\/abe-consilium.de\/index.php\/wp-json\/wp\/v2\/media?parent=22"}],"curies":[{"name":"wp","href":"https:\/\/api.w.org\/{rel}","templated":true}]}}